lculate the remainder when 107928008 is divided by 107928002.
6
Calculate the remainder when 2427482 is divided by 961.
957
What is the remainder when 1028285 is divided by 342733?
86
What is the remainder when 4130508 is divided by 5713?
9
Calculate the remainder when 278147 is divided by 46343.
89
What is the remainder when 1129272 is divided by 31?
4
Calculate the remainder when 1645343 is divided by 548446.
5
Calculate the remainder when 26031684 is divided by 111.
75
Calculate the remainder when 38246768 is divided by 5817.
5810
What is the remainder when 114515756 is divided by 98?
12
What is the remainder when 13843053 is divided by 107?
35
What is the remainder when 1427210 is divided by 1427200?
10
What is the remainder when 36933365 is divided by 106?
103
Calculate the remainder when 67698877 is divided by 1277.
1276
What is the remainder when 53561 is divided by 1816?
897
Calculate the remainder when 338876 is divided by 182.
174
What is the remainder when 70164686 is divided by 932?
930
Calculate the remainder when 58594 is divided by 29149.
296
What is the remainder when 214091 is divided by 106450?
1191
What is the remainder when 80861 is divided by 430?
21
Calculate the remainder when 39475663 is divided by 31.
15
What is the remainder when 938947 is divided by 439?
365
Calculate the remainder when 47222 is divided by 9113.
1657
Calculate the remainder when 250646861 is divided by 1281.
1277
Calculate the remainder when 1119318 is divided by 1065.
3
Calculate the remainder when 14094463 is divided by 210361.
276
Calculate the remainder when 362844 is divided by 8438.
10
Calculate the remainder when 271096 is divided by 1412.
1404
What is the remainder when 883107 is divided by 110318?
563
Calculate the remainder when 1239215 is divided by 87.
74
What is the remainder when 27676122 is divided by 242773?
0
Calculate the remainder when 834785566 is divided by 144.
142
What is the remainder when 285982 is divided by 285900?
82
Calculate the remainder when 207998013 is divided by 3216.
3213
What is the remainder when 6445514 is divided by 38366?
26
What is the remainder when 5372487 is divided by 1790822?
21
What is the remainder when 12161478 is divided by 126682?
6
What is the remainder when 4798688 is divided by 46?
14
Calculate the remainder when 47810 is divided by 23844.
122
Calculate the remainder when 59673833 is divided by 79.
77
What is the remainder when 50845 is divided by 10167?
10
Calculate the remainder when 8000777 is divided by 729.
2
Calculate the remainder when 6401 is divided by 1820.
941
Calculate the remainder when 10394 is divided by 8068.
2326
What is the remainder when 336698 is divided by 27964?
1130
What is the remainder when 990677 is divided by 659?
200
Calculate the remainder when 28018 is divided by 27503.
515
What is the remainder when 68768 is divided by 22904?
56
What is the remainder when 231953 is divided by 3864?
113
Calculate the remainder when 26537 is divided by 1094.
281
Calculate the remainder when 105040895 is divided by 64.
63
What is the remainder when 71439678 is divided by 845?
843
What is the remainder when 48863 is divided by 4402?
441
Calculate the remainder when 355041 is divided by 1216.
1185
What is the remainder when 4190848 is divided by 363?
13
What is the remainder when 19784 is divided by 8335?
3114
What is the remainder when 273088113 is divided by 1631?
1628
Calculate the remainder when 126772686 is divided by 11524788.
18
Calculate the remainder when 756503 is divided by 42.
41
Calculate the remainder when 87028912 is divided by 12432701.
5
What is the remainder when 150338010 is divided by 1307287?
5
Calculate the remainder when 24134 is divided by 8012.
98
Calculate the remainder when 379209 is divided by 2961.
201
What is the remainder when 17935571 is divided by 7?
3
What is the remainder when 782637 is divided by 156510?
87
Calculate the remainder when 584847 is divided by 581390.
3457
What is the remainder when 5142643 is divided by 1714164?
151
Calculate the remainder when 14219 is divided by 2018.
93
What is the remainder when 1900832 is divided by 4001?
357
Calculate the remainder when 4666615 is divided by 487.
181
What is the remainder when 2224283 is divided by 202201?
72
What is the remainder when 6753 is divided by 2288?
2177
What is the remainder when 121481 is divided by 13463?
314
What is the remainder when 1140489 is divided by 8093?
7469
What is the remainder when 127532 is divided by 9092?
244
What is the remainder when 770054 is divided by 56?
54
Calculate the remainder when 204905 is divided by 102160.
585
Calculate the remainder when 618183 is divided by 22074.
111
Calculate the remainder when 8204327 is divided by 1782.
1781
What is the remainder when 78893 is divided by 6175?
4793
Calculate the remainder when 18045739 is divided by 245.
19
What is the remainder when 195018 is divided by 38985?
93
What is the remainder when 100875958 is divided by 214?
210
What is the remainder when 5427878 is divided by 2713920?
38
Calculate the remainder when 361957 is divided by 361898.
59
What is the remainder when 97127364 is divided by 14?
12
Calculate the remainder when 30268 is divided by 29602.
666
Calculate the remainder when 47339 is divided by 1544.
1019
Calculate the remainder when 18521 is divided by 2008.
449
Calculate the remainder when 1305355 is divided by 1260.
1255
Calculate the remainder when 249564 is divided by 1062.
1056
What is the remainder when 4744021 is divided by 126?
121
Calculate the remainder when 104115195 is divided by 640.
635
Calculate the remainder when 75343 is divided by 37023.
1297
What is the remainder when 52803020 is divided by 48?
44
What is the remainder when 543288852 is divided by 8581?
8580
Calculate the remainder when 1481271 is divided by 118.
17
Calculate the remainder when 1842210 is divided by 108303.
1059
Calculate the remainder when 52862683 is divided by 151.
150
What is the remainder when 1307570 is divided by 79?
41
What is the remainder when 3057756 is divided by 46?
44
Calculate the remainder when 439119 is divided by 73178.
51
Calculate the remainder when 5952935 is divided by 11.
10
What is the remainder when 111922099 is divided by 21?
16
Calculate the remainder when 516217 is divided by 512327.
3890
Calculate the remainder when 52275616 is divided by 727.
681
What is the remainder when 642475 is divided by 2354?
2187
What is the remainder when 93563 is divided by 82?
1
What is the remainder when 43356056 is divided by 1546?
32
What is the remainder when 4441626 is divided by 58?
44
Calculate the remainder when 62467109 is divided by 351.
341
Calculate the remainder when 2372868 is divided by 796.
788
Calculate the remainder when 10522579 is divided by 573.
7
What is the remainder when 3770443 is divided by 25?
18
What is the remainder when 12297654 is divided by 1756796?
82
What is the remainder when 41044774 is divided by 430?
414
Calculate the remainder when 78724841 is divided by 25.
16
Calculate the remainder when 18519444 is divided by 98.
90
Calculate the remainder when 2191210 is divided by 98.
28
Calculate the remainder when 65628941 is divided by 11.
4
Calculate the remainder when 5453253 is divided by 1652.
1
Calculate the remainder when 9539 is divided by 1797.
554
Calculate the remainder when 838466 is divided by 9095.
1726
Calculate the remainder when 95281109 is divided by 12.
5
What is the remainder when 550148 is divided by 1445?
1048
Calculate the remainder when 171688 is divided by 171612.
76
What is the remainder when 19937942 is divided by 50?
42
What is the remainder when 783212 is divided by 8795?
457
Calculate the remainder when 810661 is divided by 115767.
292
Calculate the remainder when 678355 is divided by 103.
100
What is the remainder when 13475284 is divided by 72?
52
What is the remainder when 6059269 is divided by 3029617?
35
Calculate the remainder when 945634 is divided by 6902.
60
Calculate the remainder when 1120740 is divided by 280181.
16
Calculate the remainder when 959743 is divided by 2620.
823
Calculate the remainder when 124852 is divided by 484.
464
What is the remainder when 3084502 is divided by 181441?
5
Calculate the remainder when 29757 is divided by